 g(-1). Suppose 4*k - 69 = 5*u, 5*k + 0*u - u - j = 0. What is the highest common factor of 33 and k?
11
Let b(n) = n**3 - 13*n**2 + 14*n + 31. Let j be b(12). Suppose -11 = 2*x - 3*x. What is the greatest common divisor of j and x?
11
Suppose -2*n + 0 = -4. Calculate the highest common divisor of n and 2.
2
Let x be (-3)/((6/21)/((-68)/3)). Calculate the greatest common divisor of x and 34.
34
Suppose -4*u + 0*k = 2*k - 538, 2*u + 3*k = 279. Let l = -330 - -342. Calculate the highest common factor of l and u.
12
Suppose -r + 3*r - 158 = 0. Let j = -65 + 31. Let b = r + j. Calculate the highest common divisor of b and 9.
9
Suppose -2*b = 5*x - 23, 2*b + 2*b - x = 101. Calculate the highest common divisor of b and 36.
12
Let y be -18*(-8)/12 - 1. Suppose -y + 22 = a. What is the highest common divisor of 11 and a?
11
Suppose -3*n = 3*l - 5*n - 26, -31 = -3*l + n. Calculate the greatest common factor of 132 and l.
12
Suppose -2*y + 3 = -1. Let j be y*-1 + 4 + 113. What is the highest common divisor of 23 and j?
23
Let i = -2 - -2. Suppose 2*g - 30 = -i*g. Calculate the highest common divisor of 45 and g.
15
Let l(r) = r**2 + 2*r - 4. Let b be l(-4). Calculate the greatest common factor of b and 8.
4
Suppose 9 = 3*n - 36. What is the highest common divisor of 135 and n?
15
Suppose 4*f = 5 + 103. Calculate the highest common factor of f and 108.
27
Let x(z) = -16*z - 3. Let c be x(-2). Calculate the greatest common divisor of c and 261.
29
Let c = 1 - -3. Let d be -1 + (-2 - 2) + 6. Calculate the greatest common divisor of d and c.
1
Let n = 58 + -38. Suppose -2*k - 2 = 4. Let v be (-160)/24*k/1. What is the highest common divisor of n and v?
20
Let r(j) = j**3 - 8*j**2 - 1. Let z be r(8). Let m be (1*z)/(10/(-330)). Calculate the greatest common divisor of 22 and m.
11
Let y be ((-5)/2)/(6/(-12)). Suppose -y*u + 0*u = -150. Calculate the greatest common factor of 12 and u.
6
Let g be -2 - 1/(0 - -1). Let z = -3 + -3. Let j be 1/(g/z) - 1. Calculate the greatest common divisor of j and 7.
1
Let g = -272 + 522. What is the greatest common divisor of 10 and g?
10
Let q(n) = -n**2 - n + 2. Suppose y + 1 = o - 4, -5*o = 5*y + 5. Suppose 0 = o*d - 0*d. Let k be q(d). Calculate the greatest common factor of k and 1.
1
Let n(k) = k**2 + 9*k + 4. Let c be n(-10). What is the greatest common divisor of c and 28?
14
Let l(d) = d**2 + 2. Let m be l(0). Calculate the highest common factor of 6 and m.
2
Suppose 4*u - 9 + 1 = 0. Suppose t = 13 + 1. Calculate the greatest common divisor of u and t.
2
Suppose 0*w + 9 = 2*w - 3*t, 2*t = -2. Suppose 4*c - 92 = -4*q, q - 53 = w*c + 2*c. Calculate the greatest common factor of q and 252.
28
Suppose -p = -5, -3*p = 5*f - p - 80. Suppose -3*j = f - 104. What is the highest common divisor of j and 10?
10
Suppose 5*u - 44 = 86. Calculate the greatest common factor of u and 39.
13
Suppose 2*c = 3*c. Suppose -2*f - 3*g = -6*f + 244, c = 4*f + 4*g - 272. What is the highest common divisor of 8 and f?
8
Let n(a) = -4*a - 4*a**2 - a**3 + 2*a**3 + 3 - 1 - 2*a**3. Let d be n(-4). What is the highest common divisor of d and 18?
18
Suppose 4*w = -3*n - 285, 3*n - 4*n + 3*w - 95 = 0. Suppose 0 = -6*d + 3*d - 96. Let c = d - n. Calculate the greatest common factor of 7 and c.
7
Let w be (-1008)/(-60) - ((-18)/(-10) - 2). Calculate the greatest common divisor of w and 17.
17
Suppose -j - 4*p = -0*j - 12, -2*j = -4*p. Suppose 119 = j*v - 73. Calculate the greatest common factor of v and 32.
16
Let u = -38 + 63. Suppose n - d - u = 0, -5*n + 137 = -d + 12. What is the greatest common factor of 10 and n?
5
Let n = -11 + 16. Let j(h) = -3*h + 0*h + 2*h - n. Let x be j(-9). Calculate the highest common divisor of 28 and x.
4
Suppose 0 = -4*b + 63 + 1. Suppose 4*s - b = 2*s. Suppose -2*d - s = -5*w - 42, -2*d - 5*w = -14. Calculate the highest common factor of d and 8.
4
Suppose 2*n - 65 - 61 = 0. Let d(g) = -2*g**3 - 4*g**2 + 5*g - 2. Let h be d(-4). What is the greatest common divisor of n and h?
21
Suppose 28 = -4*x - 5*j, -5*j - 18 = 4*x - 5*x. Let k be 55/25 + x/10. Calculate the greatest common factor of k and 2.
2
Let o(s) = s**3 - 3 + 10*s + 3 + 11*s**2. Let n be o(-10). Let k be (2 - n - -5)*1. What is the greatest common divisor of k and 1?
1
Let n = -1 - 4. Let w(v) = -2*v + 6. Let t be w(n). What is the highest common divisor of 24 and t?
8
Suppose 79 = -3*k - 4*x, k = -2*x - 23 - 6. Let b = 5 - k. What is the highest common factor of b and 13?
13
Let o(d) = 2*d - 2. Let u be o(4). Suppose -u*r + 150 = -r. Let t = 449 - 429. Calculate the highest common divisor of t and r.
10
Suppose -2*b + 134 = 2*b - 2*t, -5*t + 5 = 0. What is the greatest common divisor of 51 and b?
17
Suppose -3*d = -4*k + 8, d - 2*d = -4*k + 8. Let a be ((-39)/(-6))/(k/4). What is the greatest common divisor of a and 26?
13
Suppose 2*h - 132 = 84. What is the greatest common divisor of 12 and h?
12
Let m(f) = 5*f**2 + 32*f - 9. Let y be m(-7). Calculate the greatest common factor of 60 and y.
12
Let s be (-9)/12 - -118*(-1)/(-8). Calculate the highest common divisor of s and 112.
14
Let f be (46 - (-9)/(-3)) + (6 - 3). Calculate the highest common factor of f and 414.
46
Suppose -4*b - 3*k + 336 = -6*k, -4*b - 2*k = -336. Let c be 3/(-3*(-2)/8). Suppose c*q = -11 + 59. Calculate the highest common divisor of q and b.
12
Let l = 4 + 20. Calculate the highest common divisor of l and 8.
8
Suppose 346 + 49 = 5*k - 4*n, n = -k + 70. Calculate the greatest common divisor of 30 and k.
15
Suppose 0 = 2*q - 122 - 96. Suppose 2*n - 2*j = -70, -3*n + 2*j - 38 = -2*n. Let o = q + n. Calculate the greatest common factor of o and 11.
11
Let a(h) = -13*h - 8. Let w be a(7). Let p = -59 - w. Calculate the greatest common factor of p and 8.
8
Let l(h) = 8*h - 10. Let j be l(4). Calculate the highest common factor of 99 and j.
11
Let i = 23 + -20. What is the greatest common factor of 1 and i?
1
Suppose 2*w + 3*o = 67, w + 0*o - 51 = -5*o. Let z = 69 + -32. Let g = z + 2. What is the highest common factor of g and w?
13
Let c be (-18)/(-10)*(-20)/(-6). Let b be c/(-21) - (-107)/7. What is the highest common factor of 3 and b?
3
Let b = 351 + -137. Suppose 3*f - 245 = b. Let x(p) = p**2 + 7*p + 9. Let y be x(-8). Calculate the highest common divisor of f and y.
17
Suppose 2*i + 0*i + 68 = 5*n, 65 = 5*n - 5*i. Let h(m) = m**2 + 28. Let g be h(0). What is the highest common divisor of n and g?
14
Let l(d) = 8*d**2 + 2*d - 4. Let s be l(4). Calculate the highest common factor of 12 and s.
12
Let c be (-20)/80 + (-1666)/(-8). Calculate the highest common factor of c and 16.
16
Let y(a) = a - 1. Let v be y(1). Suppose v = t + 2, 4*t = h - 2*h + 9. Calculate the greatest common divisor of 17 and h.
17
Suppose 4*y = 4*l - 8, -2*y + 2 = -l - 0. Suppose o - 2*u = 22, -10 = 4*u + l. What is the highest common factor of 21 and o?
7
Suppose 1 - 7 = -2*v. Let o be (8 + 3)/(-2 + v). Let t = -67 - -111. Calculate the highest common factor of o and t.
11
Suppose 0 = -v - 9 + 37. Suppose -5*s + 42 = 7. Calculate the highest common divisor of s and v.
7
Suppose -4*f + 1 = 5*a + 8, -3*f - 9 = 0. What is the greatest common factor of a and 3?
1
Let j(u) = -u**3 + 3*u**2 - 2. Let i be j(2). Let s = -1 + i. Calculate the greatest common divisor of s and 1.
1
Let g(o) = o + 5. Let c be g(2). Calculate the highest common factor of 56 and c.
7
Suppose 9 = 3*x - 0*x. Let r(q) = q**2 + q - 2. Let c be r(x). Suppose 3*h = -1 + 7. Calculate the highest common divisor of h and c.
2
Let m(y) = 10*y**2 - 2*y - 4. Let b be m(3). Suppose -4*q = -44 + 4. What is the highest common factor of b and q?
10
Let a(i) = -15*i**2 - i - 1. Let j be a(-1). Let f = j - -21. What is the highest common divisor of 3 and f?
3
Suppose 0 = -r - 2*b + 19, -5*r + b - 2*b + 131 = 0. Suppose r = 2*y + y. Let d = -16 - -61. What is the greatest common divisor of d and y?
9
Let d = 164 - 54. Calculate the greatest common divisor of 44 and d.
22
Let d(a) = -2*a**2 + 11*a + 4. Let w be d(5). Calculate the greatest common divisor of 9 and w.
9
Suppose -5 = -y, 5*n + 1 = 4*y - 4. Let j be (-3 + (2 - -1))/3. Suppose -4*o = -3*r - 75, j + 5 = -o - 4*r. What is the highest common factor of o and n?
3
Suppose -r - 111 = -320. What is